, 1241033
What are the prime factors of 9598571?
601, 15971
What are the prime factors of 246909?
3, 13, 487
What are the prime factors of 29671323?
3, 11, 137, 6563
What are the prime factors of 2546924?
2, 636731
What are the prime factors of 241303?
241303
List the prime factors of 643370.
2, 5, 7, 13, 101
List the prime factors of 439634.
2, 13, 37, 457
List the prime factors of 60880.
2, 5, 761
List the prime factors of 770309.
770309
List the prime factors of 1143828.
2, 3, 7, 17, 89
List the prime factors of 577961.
19, 1601
What are the prime factors of 8736627?
3, 29, 137, 733
What are the prime factors of 1498831?
61, 24571
List the prime factors of 1842786.
2, 3, 11, 41, 227
List the prime factors of 712490.
2, 5, 71249
List the prime factors of 13499478.
2, 3, 749971
What are the prime factors of 2574942?
2, 3, 23, 47, 397
List the prime factors of 6368020.
2, 5, 31, 10271
List the prime factors of 7217360.
2, 5, 90217
What are the prime factors of 2632044?
2, 3, 137, 1601
What are the prime factors of 66973?
66973
What are the prime factors of 14378724?
2, 3, 399409
What are the prime factors of 247613?
247613
List the prime factors of 11882156.
2, 11, 13, 20773
List the prime factors of 29472.
2, 3, 307
List the prime factors of 34913.
34913
What are the prime factors of 137958?
2, 3, 22993
List the prime factors of 130827.
3, 43609
List the prime factors of 5847719.
1811, 3229
List the prime factors of 5020482.
2, 3, 836747
What are the prime factors of 4352869?
181, 24049
What are the prime factors of 5555444?
2, 179, 7759
What are the prime factors of 11245112?
2, 19, 167, 443
List the prime factors of 3016054.
2, 83, 18169
What are the prime factors of 2992553?
23, 5657
List the prime factors of 487429.
487429
What are the prime factors of 551547?
3, 61283
What are the prime factors of 15493203?
3, 11, 41, 347
What are the prime factors of 764365?
5, 7, 21839
List the prime factors of 455.
5, 7, 13
List the prime factors of 38078.
2, 79, 241
What are the prime factors of 167396?
2, 41849
What are the prime factors of 205879?
205879
What are the prime factors of 40608?
2, 3, 47
What are the prime factors of 1249581?
3, 29, 53, 271
List the prime factors of 357828.
2, 3, 29819
List the prime factors of 13768789.
23, 598643
List the prime factors of 4853383.
4853383
What are the prime factors of 169033?
43, 3931
What are the prime factors of 33512652?
2, 3, 43, 21649
What are the prime factors of 654288?
2, 3, 43, 317
What are the prime factors of 1654589?
193, 8573
List the prime factors of 709084.
2, 269, 659
What are the prime factors of 846654?
2, 3, 73, 1933
What are the prime factors of 2421446?
2, 17, 229, 311
What are the prime factors of 1728234?
2, 3, 96013
List the prime factors of 1753536.
2, 3, 9133
List the prime factors of 93635.
5, 61, 307
What are the prime factors of 417351?
3, 11, 12647
List the prime factors of 401832.
2, 3, 5581
List the prime factors of 31213241.
17, 1836073
List the prime factors of 10873981.
227, 47903
What are the prime factors of 12321418?
2, 6160709
What are the prime factors of 9324964?
2, 11, 211931
What are the prime factors of 782214?
2, 3, 130369
List the prime factors of 1756452.
2, 3, 197, 743
List the prime factors of 1697701.
1697701
List the prime factors of 106067.
13, 41, 199
What are the prime factors of 774728?
2, 113, 857
List the prime factors of 5915608.
2, 47, 15733
What are the prime factors of 3551899?
13, 433, 631
What are the prime factors of 7128900?
2, 3, 5, 89
What are the prime factors of 2135267?
2135267
What are the prime factors of 1231621?
349, 3529
What are the prime factors of 20726822?
2, 29, 357359
List the prime factors of 3604991.
13, 43, 6449
List the prime factors of 27938207.
11, 199, 12763
What are the prime factors of 7931482?
2, 13, 107, 2851
List the prime factors of 2607433.
89, 29297
What are the prime factors of 3100101?
3, 23, 179, 251
What are the prime factors of 15596938?
2, 7, 113, 9859
What are the prime factors of 22588545?
3, 5, 7, 43, 5003
List the prime factors of 21372411.
3, 137, 149, 349
List the prime factors of 12451282.
2, 1951, 3191
List the prime factors of 7680823.
1721, 4463
What are the prime factors of 1118650?
2, 5, 13, 1721
What are the prime factors of 2609996?
2, 652499
List the prime factors of 2074315.
5, 577, 719
What are the prime factors of 398280?
2, 3, 5, 3319
What are the prime factors of 445120?
2, 5, 13, 107
List the prime factors of 927755.
5, 185551
What are the prime factors of 7539340?
2, 5, 173, 2179
List the prime factors of 8222242.
2, 7, 587303
List the prime factors of 3732863.
163, 22901
List the prime factors of 11635100.
2, 5, 116351
List the prime factors of 22059008.
2, 10771
List the prime factors of 8600602.
2, 43, 97, 1031
What are the prime factors of 33706?
2, 19, 887
List the prime factors of 518270.
2, 5, 51827
List the prime factors of 1032541.
1032541
List the prime factors of 32341814.
2, 16170907
What are the prime factors of 214534?
2, 67, 1601
List the prime factors of 7725349.
7725349
List the prime factors of 161669.
269, 601
What are the prime factors of 358607?
358607
What are the prime factors of 2700368?
2, 11, 67, 229
List the prime factors of 850991.
19, 44789
What are the prime factors of 14493869?
13, 41, 71, 383
What are the prime factors of 3114043?
17, 19, 31, 311
What are the prime factors of 590438?
2, 295219
What are the prime factors of 3639066?
2, 3, 617, 983
List the prime factors of 1522283.
7, 47, 661
List the prime factors of 2011427.
11, 182857
What are the prime factors of 3828382?
2, 727, 2633
List the prime factors of 20016759.
3, 7, 953179
List the prime factors of 2184316.
2, 19, 41, 701
What are the prime factors of 1129093?
7, 23, 7013
What are the prime factors of 239383?
239383
What are the prime factors of 9284179?
19, 488641
What are the prime factors of 2011410?
2, 3, 5, 22349
List the prime factors of 185045.
5, 7, 17, 311
What are the prime factors of 1015104?
2, 3, 17, 311
List the prime factors of 937102.
2, 468551
What are the prime factors of 4085374?
2, 2042687
What are the prime factors of 15501831?
3, 1723, 2999
List the prime factors of 4696454.
2, 7, 17, 2819
What are the prime factors of 1991013?
3, 101, 6571
List the prime factors of 26034581.
223, 116747
What are the prime factors of 2305879?
499, 4621
What are the prime factors of 4040004?
2, 3, 336667
What are the prime factors of 10449778?
2, 5224889
List the prime factors of 16159.
11, 13, 113
What are the prime factors of 942148?
2, 235537
What are the prime factors of 667676?
2, 166919
List the prime factors of 525715.
5, 105143
What are the prime factors of 1419980?
2, 5, 70999
List the prime factors of 987431.
109, 9059
What are the prime factors of 8792110?
2, 5, 197, 4463
What are the prime factors of 5913259?
11, 537569
List the prime factors of 279369.
3, 3449
What are the prime factors of 1380924?
2, 3, 89, 431
What are the prime factors of 387992?
2, 11, 4409
List the prime factors of 5493870.
2, 3, 5, 61043
List the prime factors of 162606.
2, 3, 41, 661
List the prime factors of 1273767.
3, 11, 29
What are the prime factors of 26307?
3, 37, 79
What are the prime factors of 201913?
19, 10627
List the prime factors of 2287481.
7, 229, 1427
List the prime factors of 7700534.
2, 3850267
What are the prime factors of 13073979?
3, 4357993
List the prime factors of 11459826.
2, 3, 7, 61, 71
What are the prime factors of 250758?
2, 3, 13931
List the prime factors of 121928.
2, 15241
What are the prime factors of 17370107?
17, 491, 2081
What are the prime factors of 1072147?
1072147
List the prime factors of 342193.
17, 20129
What are the prime factors of 1402337?
37, 151, 251
What are the prime factors of 269344?
2, 19, 443
What are the prime factors of 1892960?
2, 5, 11831
What are the prime factors of 150085?
5, 13, 2309
List the prime factors of 786211.
786211
List the prime factors of 724854.
2, 3, 13, 9293
What are the prime factors of 500857?
7, 71551
List the prime factors of 29106.
2, 3, 7, 11
What are the prime factors of 1534847?
331, 4637
List the prime factors of 4847524.
2, 11, 29, 131
List the prime factors of 328337.
313, 1049
List the prime factors of 